
What is the tens digit of 562515?
1
What is the ten thousands digit of 122714?
2
What is the hundreds digit of 1028972?
9
What is the units digit of 1049?
9
What is the thousands digit of 213891?
3
What is the hundreds digit of 271104?
1
What is the hundreds digit of 14344774?
7
What is the millions digit of 1141539?
1
What is the hundreds digit of 5326795?
7
What is the hundreds digit of 7459730?
7
What is the tens digit of 853363?
6
What is the units digit of 1210956?
6
What is the thousands digit of 214023?
4
What is the ten thousands digit of 135853?
3
What is the hundreds digit of 10833?
8
What is the ten thousands digit of 6263115?
6
What is the millions digit of 25765489?
5
What is the ten millions digit of 14027770?
1
What is the ten thousands digit of 258790?
5
What is the thousands digit of 10652992?
2
What is the hundred thousands digit of 2263614?
2
What is the units digit of 769788?
8
What is the units digit of 186330?
0
What is the tens digit of 117905?
0
What is the ten thousands digit of 2416997?
1
What is the ten thousands digit of 205548?
0
What is the hundred thousands digit of 270408?
2
What is the hundreds digit of 1252710?
7
What is the hundreds digit of 612138?
1
What is the ten thousands digit of 8224987?
2
What is the tens digit of 2982469?
6
What is the tens digit of 24272806?
0
What is the units digit of 196821?
1
What is the thousands digit of 18578?
8
What is the tens digit of 38025?
2
What is the tens digit of 194200?
0
What is the hundreds digit of 3147927?
9
What is the millions digit of 2275273?
2
What is the hundreds digit of 1301923?
9
What is the ten millions digit of 17543409?
1
What is the ten thousands digit of 5165880?
6
What is the millions digit of 5829474?
5
What is the units digit of 90168?
8
What is the units digit of 31228449?
9
What is the tens digit of 5754975?
7
What is the ten thousands digit of 1850717?
5
What is the thousands digit of 361519?
1
What is the units digit of 64987?
7
What is the thousands digit of 765042?
5
What is the ten thousands digit of 283528?
8
What is the millions digit of 2961343?
2
What is the hundreds digit of 7147044?
0
What is the thousands digit of 1656710?
6
What is the tens digit of 4271752?
5
What is the hundreds digit of 896488?
4
What is the hundred thousands digit of 316326?
3
What is the units digit of 136242?
2
What is the tens digit of 7768851?
5
What is the thousands digit of 3881306?
1
What is the thousands digit of 320191?
0
What is the units digit of 1530348?
8
What is the tens digit of 3797027?
2
What is the hundred thousands digit of 2700375?
7
What is the ten thousands digit of 15309820?
0
What is the ten thousands digit of 938629?
3
What is the hundred thousands digit of 37477549?
4
What is the ten thousands digit of 5786012?
8
What is the units digit of 97015?
5
What is the units digit of 308336?
6
What is the ten thousands digit of 25377782?
7
What is the hundreds digit of 3484326?
3
What is the tens digit of 4681821?
2
What is the hundred thousands digit of 3199727?
1
What is the units digit of 7921452?
2
What is the millions digit of 1269795?
1
What is the tens digit of 201055?
5
What is the ten thousands digit of 2796963?
9
What is the millions digit of 1200428?
1
What is the tens digit of 21568004?
0
What is the hundreds digit of 1767805?
8
What is the hundred thousands digit of 3687883?
6
What is the hundred thousands digit of 1268508?
2
What is the hundred thousands digit of 511226?
5
What is the units digit of 3944568?
8
What is the hundreds digit of 832425?
4
What is the hundred thousands digit of 7415406?
4
What is the ten thousands digit of 290201?
9
What is the millions digit of 1784795?
1
What is the hundred thousands digit of 3170067?
1
What is the units digit of 250580?
0
What is the millions digit of 10723165?
0
What is the thousands digit of 6877458?
7
What is the hundreds digit of 1144194?
1
What is the ten thousands digit of 6916072?
1
What is the ten thousands digit of 269524?
6
What is the thousands digit of 1070829?
0
What is the thousands digit of 5791865?
1
What is the ten thousands digit of 18206950?
0
What is the units digit of 140497?
7
What is the thousands digit of 16868757?
8
What is the units digit of 1121696?
6
What is the units digit of 172694?
4
What is the hundred thousands digit of 233685?
2
What is the thousands digit of 2592171?
2
What is the hundreds digit of 9900275?
2
What is the ten millions digit of 26393015?
2
What is the thousands digit of 8944101?
4
What is the millions digit of 14052283?
4
What is the tens digit of 2297467?
6
What is the ten thousands digit of 147552?
4
What is the thousands digit of 3675927?
5
What is the units digit of 14296529?
9
What is the ten thousands digit of 3053636?
5
What is the units digit of 6343912?
2
What is the hundred thousands digit of 544598?
5
What is the ten thousands digit of 1985203?
8
What is the hundred thousands digit of 233673?
2
What is the tens digit of 315635?
3
What is the ten thousands digit of 986039?
8
What is the tens digit of 780594?
9
What is the units digit of 8625568?
8
What is the tens digit of 19000700?
0
What is the tens digit of 28367?
6
What is the thousands digit of 498922?
8
What is the ten thousands digit of 289275?
8
What is the thousands digit of 944326?
4
What is the units digit of 346305?
5
What is the ten thousands digit of 828864?
2
What is the tens digit of 8759362?
6
What is the ten thousands digit of 437490?
3
What is the ten thousands digit of 13679798?
7
What is the tens digit of 202825?
2
What is the hundred thousands digit of 7117581?
1
What is the hundreds digit of 52191?
1
What is the hundreds digit of 3473952?
9
What is the thousands digit of 308969?
8
What is the tens digit of 1242741?
4
What is the hundreds digit of 262682?
6
What is the hundreds digit of 2226719?
7
What is the hundreds digit of 332671?
6
What is the tens digit of 1794811?
1
What is the tens digit of 4796503?
0
What is the units digit of 418848?
8
What is the ten thousands digit of 81639?
8
What is the units digit of 2765534?
4
What is the hundred thousands digit of 398682?
3
What is the millions digit of 25306409?
5
What is the tens digit of 64137?
3
What is the units digit of 1560268?
8
What is the hundred thousands digit of 291799?
2
What is the hundreds digit of 284602?
6
What is the units digit of 1366343?
3
What is the hundred thousands digit of 3660150?
6
What is the hundreds digit of 223021?
0
What is the millions digit of 26105799?
6
What is the units digit of 7160614?
4
What is the tens digit of 2189025?
2
What is the hundred thousands digit of 1210019?
2
What is the hundreds digit of 1948304?
3
What is the thousands digit of 5658011?
8
What is the units digit of 5928963?
3
What is the units digit of 6283028?
8
What is the units digit of 10844050?
0
What is the ten thousands digit of 1229928?
2
What is the units digit of 71219?
9
What is the hundred thousands digit of 689579?
6
What is the hundreds digit of 108083?
0
What is the ten thousands digit of 19884?
1
What is the hundreds digit of 299519?
5
What is the ten thousands digit of 929939?
2
What is the hundred thousands digit of 9377716?
3
What is the tens digit of 21818957?
5
What is the hundreds digit of 6773385?
3
What is the thousands digit of 61861?
1
What is the hundred thousands digit of 8990056?
9
What is the thousands digit of 5582420?
2
What is the hundreds digit of 154297?
2
What is the thousands digit of 226339?
6
What is the tens digit of 93395?
9
What is the hundred thousands digit of 379241?
3
What is the tens digit of 283161?
6
What is the units digit of 532665?
5
What is the hundred thousands digit of 5466496?
4
What is the ten thousands digit of 207959?
0
What is the units digit of 281754?
4
What is the ten thousands digit of 5400812?
0
What is the ten thousands digit of 192479?
9
What is the ten thousands digit of 2159253?
5
What is the tens digit of 252509?
0
What is the ten millions digit of 35997732?
3
What is the hundreds digit of 2441572?
5
What is the millions digit of 20866093?
0
What is the units digit of 2284?
4
What is the tens digit of 264946?
4
What is the thousands digit of 2191869?
1
What is the thousands digit of 245802?
5
What is the thousands digit of